{"version":"1.0","provider_name":"  RADIO LJUBU\u0160KI","provider_url":"https:\/\/radioljubuski.ba","title":"Konjic: Pijan ispred vojarne napao djelatnika OS BiH - RADIO LJUBU\u0160KI","type":"rich","width":600,"height":338,"html":"<blockquote class=\"wp-embedded-content\" data-secret=\"a08BGpiW2U\"><a href=\"https:\/\/radioljubuski.ba\/index.php\/2021\/06\/18\/konjic-pijan-ispred-vojarne-napao-djelatnika-os-bih\/\">Konjic: Pijan ispred vojarne napao djelatnika OS BiH<\/a><\/blockquote><iframe sandbox=\"allow-scripts\" security=\"restricted\" src=\"https:\/\/radioljubuski.ba\/index.php\/2021\/06\/18\/konjic-pijan-ispred-vojarne-napao-djelatnika-os-bih\/embed\/#?secret=a08BGpiW2U\" width=\"600\" height=\"338\" title=\"&#8220;Konjic: Pijan ispred vojarne napao djelatnika OS BiH&#8221; &#8212;   RADIO LJUBU\u0160KI\" data-secret=\"a08BGpiW2U\" frameborder=\"0\" marginwidth=\"0\" marginheight=\"0\" scrolling=\"no\" class=\"wp-embedded-content\"><\/iframe><script>\n\/*! This file is auto-generated *\/\n!function(d,l){\"use strict\";l.querySelector&&d.addEventListener&&\"undefined\"!=typeof URL&&(d.wp=d.wp||{},d.wp.receiveEmbedMessage||(d.wp.receiveEmbedMessage=function(e){var t=e.data;if((t||t.secret||t.message||t.value)&&!\/[^a-zA-Z0-9]\/.test(t.secret)){for(var s,r,n,a=l.querySelectorAll('iframe[data-secret=\"'+t.secret+'\"]'),o=l.querySelectorAll('blockquote[data-secret=\"'+t.secret+'\"]'),c=new RegExp(\"^https?:$\",\"i\"),i=0;i<o.length;i++)o[i].style.display=\"none\";for(i=0;i<a.length;i++)s=a[i],e.source===s.contentWindow&&(s.removeAttribute(\"style\"),\"height\"===t.message?(1e3<(r=parseInt(t.value,10))?r=1e3:~~r<200&&(r=200),s.height=r):\"link\"===t.message&&(r=new URL(s.getAttribute(\"src\")),n=new URL(t.value),c.test(n.protocol))&&n.host===r.host&&l.activeElement===s&&(d.top.location.href=t.value))}},d.addEventListener(\"message\",d.wp.receiveEmbedMessage,!1),l.addEventListener(\"DOMContentLoaded\",function(){for(var e,t,s=l.querySelectorAll(\"iframe.wp-embedded-content\"),r=0;r<s.length;r++)(t=(e=s[r]).getAttribute(\"data-secret\"))||(t=Math.random().toString(36).substring(2,12),e.src+=\"#?secret=\"+t,e.setAttribute(\"data-secret\",t)),e.contentWindow.postMessage({message:\"ready\",secret:t},\"*\")},!1)))}(window,document);\n\/\/# sourceURL=https:\/\/radioljubuski.ba\/wp-includes\/js\/wp-embed.min.js\n<\/script>\n","thumbnail_url":"https:\/\/radioljubuski.ba\/wp-content\/uploads\/2021\/05\/policija.jpg","thumbnail_width":1000,"thumbnail_height":625,"description":"U \u010detvrtak, 17.06.2021.godine u PU Konjic obratio se djelatnik Oru\u017eanih snaga BiH i prijavio da je J.H.(1967) u mjestu Bradina, op\u0107ina Konjic , ispred &nbsp;vojarne OS BiH fizi\u010dki napao djelatnika OS &nbsp;BiH S.Lj.(1981) iz Fo\u010de. Izlaskom na lice mjesta , patrola policije je potvrdila navode prijave , osoba &nbsp;J.H. je li\u0161ena slobode i doveden je [&hellip;]"}

RADIO LJUBUŠKI

Konjic: Pijan ispred vojarne napao djelatnika OS BiH - RADIO LJUBUŠKI

<blockquote class="wp-embedded-content" data-secret="a08BGpiW2U"><a href="https://radioljubuski.ba/index.php/2021/06/18/konjic-pijan-ispred-vojarne-napao-djelatnika-os-bih/">Konjic: Pijan ispred vojarne napao djelatnika OS BiH</a></blockquote><iframe sandbox="allow-scripts" security="restricted" src="https://radioljubuski.ba/index.php/2021/06/18/konjic-pijan-ispred-vojarne-napao-djelatnika-os-bih/embed/#?secret=a08BGpiW2U" width="600" height="338" title="&#8220;Konjic: Pijan ispred vojarne napao djelatnika OS BiH&#8221; &#8212;   RADIO LJUBUŠKI" data-secret="a08BGpiW2U" frameborder="0" marginwidth="0" marginheight="0" scrolling="no" class="wp-embedded-content"></iframe><script>
/*! This file is auto-generated */
!function(d,l){"use strict";l.querySelector&&d.addEventListener&&"undefined"!=typeof URL&&(d.wp=d.wp||{},d.wp.receiveEmbedMessage||(d.wp.receiveEmbedMessage=function(e){var t=e.data;if((t||t.secret||t.message||t.value)&&!/[^a-zA-Z0-9]/.test(t.secret)){for(var s,r,n,a=l.querySelectorAll('iframe[data-secret="'+t.secret+'"]'),o=l.querySelectorAll('blockquote[data-secret="'+t.secret+'"]'),c=new RegExp("^https?:$","i"),i=0;i<o.length;i++)o[i].style.display="none";for(i=0;i<a.length;i++)s=a[i],e.source===s.contentWindow&&(s.removeAttribute("style"),"height"===t.message?(1e3<(r=parseInt(t.value,10))?r=1e3:~~r<200&&(r=200),s.height=r):"link"===t.message&&(r=new URL(s.getAttribute("src")),n=new URL(t.value),c.test(n.protocol))&&n.host===r.host&&l.activeElement===s&&(d.top.location.href=t.value))}},d.addEventListener("message",d.wp.receiveEmbedMessage,!1),l.addEventListener("DOMContentLoaded",function(){for(var e,t,s=l.querySelectorAll("iframe.wp-embedded-content"),r=0;r<s.length;r++)(t=(e=s[r]).getAttribute("data-secret"))||(t=Math.random().toString(36).substring(2,12),e.src+="#?secret="+t,e.setAttribute("data-secret",t)),e.contentWindow.postMessage({message:"ready",secret:t},"*")},!1)))}(window,document);
//# sourceURL=https://radioljubuski.ba/wp-includes/js/wp-embed.min.js
</script>

U četvrtak, 17.06.2021.godine u PU Konjic obratio se djelatnik Oružanih snaga BiH i prijavio da je J.H.(1967) u mjestu Bradina, općina Konjic , ispred &nbsp;vojarne OS BiH fizički napao djelatnika OS &nbsp;BiH S.Lj.(1981) iz Foče. Izlaskom na lice mjesta , patrola policije je potvrdila navode prijave , osoba &nbsp;J.H. je lišena slobode i doveden je [&hellip;]
