{"version":"1.0","provider_name":"  RADIO LJUBU\u0160KI","provider_url":"https:\/\/radioljubuski.ba","title":"Ana Grade\u010dak dobila pozivnicu za POI Tokio 2020. - RADIO LJUBU\u0160KI","type":"rich","width":600,"height":338,"html":"<blockquote class=\"wp-embedded-content\" data-secret=\"v93uoJX8PF\"><a href=\"https:\/\/radioljubuski.ba\/index.php\/2021\/06\/24\/ana-gradecak-dobila-pozivnicu-za-poi-tokio-2020\/\">Ana Grade\u010dak dobila pozivnicu za POI Tokio 2020.<\/a><\/blockquote><iframe sandbox=\"allow-scripts\" security=\"restricted\" src=\"https:\/\/radioljubuski.ba\/index.php\/2021\/06\/24\/ana-gradecak-dobila-pozivnicu-za-poi-tokio-2020\/embed\/#?secret=v93uoJX8PF\" width=\"600\" height=\"338\" title=\"&#8220;Ana Grade\u010dak dobila pozivnicu za POI Tokio 2020.&#8221; &#8212;   RADIO LJUBU\u0160KI\" data-secret=\"v93uoJX8PF\" frameborder=\"0\" marginwidth=\"0\" marginheight=\"0\" scrolling=\"no\" class=\"wp-embedded-content\"><\/iframe><script>\n\/*! This file is auto-generated *\/\n!function(d,l){\"use strict\";l.querySelector&&d.addEventListener&&\"undefined\"!=typeof URL&&(d.wp=d.wp||{},d.wp.receiveEmbedMessage||(d.wp.receiveEmbedMessage=function(e){var t=e.data;if((t||t.secret||t.message||t.value)&&!\/[^a-zA-Z0-9]\/.test(t.secret)){for(var s,r,n,a=l.querySelectorAll('iframe[data-secret=\"'+t.secret+'\"]'),o=l.querySelectorAll('blockquote[data-secret=\"'+t.secret+'\"]'),c=new RegExp(\"^https?:$\",\"i\"),i=0;i<o.length;i++)o[i].style.display=\"none\";for(i=0;i<a.length;i++)s=a[i],e.source===s.contentWindow&&(s.removeAttribute(\"style\"),\"height\"===t.message?(1e3<(r=parseInt(t.value,10))?r=1e3:~~r<200&&(r=200),s.height=r):\"link\"===t.message&&(r=new URL(s.getAttribute(\"src\")),n=new URL(t.value),c.test(n.protocol))&&n.host===r.host&&l.activeElement===s&&(d.top.location.href=t.value))}},d.addEventListener(\"message\",d.wp.receiveEmbedMessage,!1),l.addEventListener(\"DOMContentLoaded\",function(){for(var e,t,s=l.querySelectorAll(\"iframe.wp-embedded-content\"),r=0;r<s.length;r++)(t=(e=s[r]).getAttribute(\"data-secret\"))||(t=Math.random().toString(36).substring(2,12),e.src+=\"#?secret=\"+t,e.setAttribute(\"data-secret\",t)),e.contentWindow.postMessage({message:\"ready\",secret:t},\"*\")},!1)))}(window,document);\n\/\/# sourceURL=https:\/\/radioljubuski.ba\/wp-includes\/js\/wp-embed.min.js\n<\/script>\n","thumbnail_url":"https:\/\/radioljubuski.ba\/wp-content\/uploads\/2021\/06\/preuzmi-1-29.jpg","thumbnail_width":269,"thumbnail_height":187,"description":"Hrvatska paraatleti\u010darka Ana Grade\u010dak dobila je pozivnicu za nastup na 16. paraolimpijskim igrama Tokio 2020. koje \u0107e se odr\u017eati od 24. kolovoza do 5. rujna ove godine. World Para Athletics (WPA) dodijelio je pozivnicu \u010dlanici AKOSI Odisej iz Kutine koja je, podsjetimo na nedavnom WPA Europskom prvenstvu u Bydgoszczu osvojila zlato u bacanju kugle kategorije [&hellip;]"}

RADIO LJUBUŠKI

Ana Gradečak dobila pozivnicu za POI Tokio 2020. - RADIO LJUBUŠKI

<blockquote class="wp-embedded-content" data-secret="v93uoJX8PF"><a href="https://radioljubuski.ba/index.php/2021/06/24/ana-gradecak-dobila-pozivnicu-za-poi-tokio-2020/">Ana Gradečak dobila pozivnicu za POI Tokio 2020.</a></blockquote><iframe sandbox="allow-scripts" security="restricted" src="https://radioljubuski.ba/index.php/2021/06/24/ana-gradecak-dobila-pozivnicu-za-poi-tokio-2020/embed/#?secret=v93uoJX8PF" width="600" height="338" title="&#8220;Ana Gradečak dobila pozivnicu za POI Tokio 2020.&#8221; &#8212;   RADIO LJUBUŠKI" data-secret="v93uoJX8PF" frameborder="0" marginwidth="0" marginheight="0" scrolling="no" class="wp-embedded-content"></iframe><script>
/*! This file is auto-generated */
!function(d,l){"use strict";l.querySelector&&d.addEventListener&&"undefined"!=typeof URL&&(d.wp=d.wp||{},d.wp.receiveEmbedMessage||(d.wp.receiveEmbedMessage=function(e){var t=e.data;if((t||t.secret||t.message||t.value)&&!/[^a-zA-Z0-9]/.test(t.secret)){for(var s,r,n,a=l.querySelectorAll('iframe[data-secret="'+t.secret+'"]'),o=l.querySelectorAll('blockquote[data-secret="'+t.secret+'"]'),c=new RegExp("^https?:$","i"),i=0;i<o.length;i++)o[i].style.display="none";for(i=0;i<a.length;i++)s=a[i],e.source===s.contentWindow&&(s.removeAttribute("style"),"height"===t.message?(1e3<(r=parseInt(t.value,10))?r=1e3:~~r<200&&(r=200),s.height=r):"link"===t.message&&(r=new URL(s.getAttribute("src")),n=new URL(t.value),c.test(n.protocol))&&n.host===r.host&&l.activeElement===s&&(d.top.location.href=t.value))}},d.addEventListener("message",d.wp.receiveEmbedMessage,!1),l.addEventListener("DOMContentLoaded",function(){for(var e,t,s=l.querySelectorAll("iframe.wp-embedded-content"),r=0;r<s.length;r++)(t=(e=s[r]).getAttribute("data-secret"))||(t=Math.random().toString(36).substring(2,12),e.src+="#?secret="+t,e.setAttribute("data-secret",t)),e.contentWindow.postMessage({message:"ready",secret:t},"*")},!1)))}(window,document);
//# sourceURL=https://radioljubuski.ba/wp-includes/js/wp-embed.min.js
</script>

Hrvatska paraatletičarka Ana Gradečak dobila je pozivnicu za nastup na 16. paraolimpijskim igrama Tokio 2020. koje će se održati od 24. kolovoza do 5. rujna ove godine. World Para Athletics (WPA) dodijelio je pozivnicu članici AKOSI Odisej iz Kutine koja je, podsjetimo na nedavnom WPA Europskom prvenstvu u Bydgoszczu osvojila zlato u bacanju kugle kategorije [&hellip;]
