{"version":"1.0","provider_name":"  RADIO LJUBU\u0160KI","provider_url":"https:\/\/radioljubuski.ba","title":"Mlinar: \"Imamo jo\u0161 prostora za napredak\" - RADIO LJUBU\u0160KI","type":"rich","width":600,"height":338,"html":"<blockquote class=\"wp-embedded-content\" data-secret=\"ZHmMQsQ2i0\"><a href=\"https:\/\/radioljubuski.ba\/index.php\/2021\/08\/22\/mlinar-imamo-jos-prostora-za-napredak\/\">Mlinar: &#8220;Imamo jo\u0161 prostora za napredak&#8221;<\/a><\/blockquote><iframe sandbox=\"allow-scripts\" security=\"restricted\" src=\"https:\/\/radioljubuski.ba\/index.php\/2021\/08\/22\/mlinar-imamo-jos-prostora-za-napredak\/embed\/#?secret=ZHmMQsQ2i0\" width=\"600\" height=\"338\" title=\"&#8220;Mlinar: &#8220;Imamo jo\u0161 prostora za napredak&#8221;&#8221; &#8212;   RADIO LJUBU\u0160KI\" data-secret=\"ZHmMQsQ2i0\" frameborder=\"0\" marginwidth=\"0\" marginheight=\"0\" scrolling=\"no\" class=\"wp-embedded-content\"><\/iframe><script>\n\/*! This file is auto-generated *\/\n!function(d,l){\"use strict\";l.querySelector&&d.addEventListener&&\"undefined\"!=typeof URL&&(d.wp=d.wp||{},d.wp.receiveEmbedMessage||(d.wp.receiveEmbedMessage=function(e){var t=e.data;if((t||t.secret||t.message||t.value)&&!\/[^a-zA-Z0-9]\/.test(t.secret)){for(var s,r,n,a=l.querySelectorAll('iframe[data-secret=\"'+t.secret+'\"]'),o=l.querySelectorAll('blockquote[data-secret=\"'+t.secret+'\"]'),c=new RegExp(\"^https?:$\",\"i\"),i=0;i<o.length;i++)o[i].style.display=\"none\";for(i=0;i<a.length;i++)s=a[i],e.source===s.contentWindow&&(s.removeAttribute(\"style\"),\"height\"===t.message?(1e3<(r=parseInt(t.value,10))?r=1e3:~~r<200&&(r=200),s.height=r):\"link\"===t.message&&(r=new URL(s.getAttribute(\"src\")),n=new URL(t.value),c.test(n.protocol))&&n.host===r.host&&l.activeElement===s&&(d.top.location.href=t.value))}},d.addEventListener(\"message\",d.wp.receiveEmbedMessage,!1),l.addEventListener(\"DOMContentLoaded\",function(){for(var e,t,s=l.querySelectorAll(\"iframe.wp-embedded-content\"),r=0;r<s.length;r++)(t=(e=s[r]).getAttribute(\"data-secret\"))||(t=Math.random().toString(36).substring(2,12),e.src+=\"#?secret=\"+t,e.setAttribute(\"data-secret\",t)),e.contentWindow.postMessage({message:\"ready\",secret:t},\"*\")},!1)))}(window,document);\n\/\/# sourceURL=https:\/\/radioljubuski.ba\/wp-includes\/js\/wp-embed.min.js\n<\/script>\n","thumbnail_url":"https:\/\/radioljubuski.ba\/wp-content\/uploads\/2021\/08\/pxl-220821-34276269-20210822175353.jpg","thumbnail_width":1600,"thumbnail_height":1066,"description":"Tre\u0107a pobjeda Hrvatske u nizu, u zadarskoj skupini C Europskog prvenstva, pobjeda kojom je osiguran ulazak u drugi krug natjecanja i osmina finala. Nakon \u0160vicarske i Bjelorusije, hrvatske su odbojka\u0161ice i u tre\u0107em susretu svladale Slova\u010dku bez izgubljenog seta &#8211; 25:21, 25:14 i 25:13. &#8211; Ovo je tre\u0107a utakmica u skupini i bodovno smo napravili [&hellip;]"}

RADIO LJUBUŠKI

Mlinar: "Imamo još prostora za napredak" - RADIO LJUBUŠKI

<blockquote class="wp-embedded-content" data-secret="ZHmMQsQ2i0"><a href="https://radioljubuski.ba/index.php/2021/08/22/mlinar-imamo-jos-prostora-za-napredak/">Mlinar: &#8220;Imamo još prostora za napredak&#8221;</a></blockquote><iframe sandbox="allow-scripts" security="restricted" src="https://radioljubuski.ba/index.php/2021/08/22/mlinar-imamo-jos-prostora-za-napredak/embed/#?secret=ZHmMQsQ2i0" width="600" height="338" title="&#8220;Mlinar: &#8220;Imamo još prostora za napredak&#8221;&#8221; &#8212;   RADIO LJUBUŠKI" data-secret="ZHmMQsQ2i0" frameborder="0" marginwidth="0" marginheight="0" scrolling="no" class="wp-embedded-content"></iframe><script>
/*! This file is auto-generated */
!function(d,l){"use strict";l.querySelector&&d.addEventListener&&"undefined"!=typeof URL&&(d.wp=d.wp||{},d.wp.receiveEmbedMessage||(d.wp.receiveEmbedMessage=function(e){var t=e.data;if((t||t.secret||t.message||t.value)&&!/[^a-zA-Z0-9]/.test(t.secret)){for(var s,r,n,a=l.querySelectorAll('iframe[data-secret="'+t.secret+'"]'),o=l.querySelectorAll('blockquote[data-secret="'+t.secret+'"]'),c=new RegExp("^https?:$","i"),i=0;i<o.length;i++)o[i].style.display="none";for(i=0;i<a.length;i++)s=a[i],e.source===s.contentWindow&&(s.removeAttribute("style"),"height"===t.message?(1e3<(r=parseInt(t.value,10))?r=1e3:~~r<200&&(r=200),s.height=r):"link"===t.message&&(r=new URL(s.getAttribute("src")),n=new URL(t.value),c.test(n.protocol))&&n.host===r.host&&l.activeElement===s&&(d.top.location.href=t.value))}},d.addEventListener("message",d.wp.receiveEmbedMessage,!1),l.addEventListener("DOMContentLoaded",function(){for(var e,t,s=l.querySelectorAll("iframe.wp-embedded-content"),r=0;r<s.length;r++)(t=(e=s[r]).getAttribute("data-secret"))||(t=Math.random().toString(36).substring(2,12),e.src+="#?secret="+t,e.setAttribute("data-secret",t)),e.contentWindow.postMessage({message:"ready",secret:t},"*")},!1)))}(window,document);
//# sourceURL=https://radioljubuski.ba/wp-includes/js/wp-embed.min.js
</script>

Treća pobjeda Hrvatske u nizu, u zadarskoj skupini C Europskog prvenstva, pobjeda kojom je osiguran ulazak u drugi krug natjecanja i osmina finala. Nakon Švicarske i Bjelorusije, hrvatske su odbojkašice i u trećem susretu svladale Slovačku bez izgubljenog seta &#8211; 25:21, 25:14 i 25:13. &#8211; Ovo je treća utakmica u skupini i bodovno smo napravili [&hellip;]
