{"version":"1.0","provider_name":"  RADIO LJUBU\u0160KI","provider_url":"https:\/\/radioljubuski.ba","title":"Sevilli gradski derbi, Rakiti\u0107u 83 minute - RADIO LJUBU\u0160KI","type":"rich","width":600,"height":338,"html":"<blockquote class=\"wp-embedded-content\" data-secret=\"rj2SHQk378\"><a href=\"https:\/\/radioljubuski.ba\/index.php\/2021\/11\/07\/sevilli-gradski-derbi-rakiticu-83-minute\/\">Sevilli gradski derbi, Rakiti\u0107u 83 minute<\/a><\/blockquote><iframe sandbox=\"allow-scripts\" security=\"restricted\" src=\"https:\/\/radioljubuski.ba\/index.php\/2021\/11\/07\/sevilli-gradski-derbi-rakiticu-83-minute\/embed\/#?secret=rj2SHQk378\" width=\"600\" height=\"338\" title=\"&#8220;Sevilli gradski derbi, Rakiti\u0107u 83 minute&#8221; &#8212;   RADIO LJUBU\u0160KI\" data-secret=\"rj2SHQk378\" frameborder=\"0\" marginwidth=\"0\" marginheight=\"0\" scrolling=\"no\" class=\"wp-embedded-content\"><\/iframe><script>\n\/*! This file is auto-generated *\/\n!function(d,l){\"use strict\";l.querySelector&&d.addEventListener&&\"undefined\"!=typeof URL&&(d.wp=d.wp||{},d.wp.receiveEmbedMessage||(d.wp.receiveEmbedMessage=function(e){var t=e.data;if((t||t.secret||t.message||t.value)&&!\/[^a-zA-Z0-9]\/.test(t.secret)){for(var s,r,n,a=l.querySelectorAll('iframe[data-secret=\"'+t.secret+'\"]'),o=l.querySelectorAll('blockquote[data-secret=\"'+t.secret+'\"]'),c=new RegExp(\"^https?:$\",\"i\"),i=0;i<o.length;i++)o[i].style.display=\"none\";for(i=0;i<a.length;i++)s=a[i],e.source===s.contentWindow&&(s.removeAttribute(\"style\"),\"height\"===t.message?(1e3<(r=parseInt(t.value,10))?r=1e3:~~r<200&&(r=200),s.height=r):\"link\"===t.message&&(r=new URL(s.getAttribute(\"src\")),n=new URL(t.value),c.test(n.protocol))&&n.host===r.host&&l.activeElement===s&&(d.top.location.href=t.value))}},d.addEventListener(\"message\",d.wp.receiveEmbedMessage,!1),l.addEventListener(\"DOMContentLoaded\",function(){for(var e,t,s=l.querySelectorAll(\"iframe.wp-embedded-content\"),r=0;r<s.length;r++)(t=(e=s[r]).getAttribute(\"data-secret\"))||(t=Math.random().toString(36).substring(2,12),e.src+=\"#?secret=\"+t,e.setAttribute(\"data-secret\",t)),e.contentWindow.postMessage({message:\"ready\",secret:t},\"*\")},!1)))}(window,document);\n\/\/# sourceURL=https:\/\/radioljubuski.ba\/wp-includes\/js\/wp-embed.min.js\n<\/script>\n","thumbnail_url":"https:\/\/radioljubuski.ba\/wp-content\/uploads\/2021\/11\/raketa-sevilla-20211107221659.jpg","thumbnail_width":1600,"thumbnail_height":958,"description":"Nogometa\u0161i Seville slavili su u gradskom derbiju na stadionu Betisa s 2-0 i priklju\u010dili se vrhu Primere. Sevilla je zaslu\u017eeno dobila derbi, a klju\u010dni trenutak zbio se u 45. minuti kada je igra\u010d Betisa&nbsp;Fernandez&nbsp;dobio drugi \u017euti karton. U drugom dijelu su&nbsp;Acuna&nbsp;(55) i&nbsp;Bellerin&nbsp;(81-ag) donio veliku pobjedu Sevilli i onima u gradu koji navijaju za &#8220;bijelo-crvene&#8221;. Ivan [&hellip;]"}

RADIO LJUBUŠKI

Sevilli gradski derbi, Rakitiću 83 minute - RADIO LJUBUŠKI

<blockquote class="wp-embedded-content" data-secret="rj2SHQk378"><a href="https://radioljubuski.ba/index.php/2021/11/07/sevilli-gradski-derbi-rakiticu-83-minute/">Sevilli gradski derbi, Rakitiću 83 minute</a></blockquote><iframe sandbox="allow-scripts" security="restricted" src="https://radioljubuski.ba/index.php/2021/11/07/sevilli-gradski-derbi-rakiticu-83-minute/embed/#?secret=rj2SHQk378" width="600" height="338" title="&#8220;Sevilli gradski derbi, Rakitiću 83 minute&#8221; &#8212;   RADIO LJUBUŠKI" data-secret="rj2SHQk378" frameborder="0" marginwidth="0" marginheight="0" scrolling="no" class="wp-embedded-content"></iframe><script>
/*! This file is auto-generated */
!function(d,l){"use strict";l.querySelector&&d.addEventListener&&"undefined"!=typeof URL&&(d.wp=d.wp||{},d.wp.receiveEmbedMessage||(d.wp.receiveEmbedMessage=function(e){var t=e.data;if((t||t.secret||t.message||t.value)&&!/[^a-zA-Z0-9]/.test(t.secret)){for(var s,r,n,a=l.querySelectorAll('iframe[data-secret="'+t.secret+'"]'),o=l.querySelectorAll('blockquote[data-secret="'+t.secret+'"]'),c=new RegExp("^https?:$","i"),i=0;i<o.length;i++)o[i].style.display="none";for(i=0;i<a.length;i++)s=a[i],e.source===s.contentWindow&&(s.removeAttribute("style"),"height"===t.message?(1e3<(r=parseInt(t.value,10))?r=1e3:~~r<200&&(r=200),s.height=r):"link"===t.message&&(r=new URL(s.getAttribute("src")),n=new URL(t.value),c.test(n.protocol))&&n.host===r.host&&l.activeElement===s&&(d.top.location.href=t.value))}},d.addEventListener("message",d.wp.receiveEmbedMessage,!1),l.addEventListener("DOMContentLoaded",function(){for(var e,t,s=l.querySelectorAll("iframe.wp-embedded-content"),r=0;r<s.length;r++)(t=(e=s[r]).getAttribute("data-secret"))||(t=Math.random().toString(36).substring(2,12),e.src+="#?secret="+t,e.setAttribute("data-secret",t)),e.contentWindow.postMessage({message:"ready",secret:t},"*")},!1)))}(window,document);
//# sourceURL=https://radioljubuski.ba/wp-includes/js/wp-embed.min.js
</script>

Nogometaši Seville slavili su u gradskom derbiju na stadionu Betisa s 2-0 i priključili se vrhu Primere. Sevilla je zasluženo dobila derbi, a ključni trenutak zbio se u 45. minuti kada je igrač Betisa&nbsp;Fernandez&nbsp;dobio drugi žuti karton. U drugom dijelu su&nbsp;Acuna&nbsp;(55) i&nbsp;Bellerin&nbsp;(81-ag) donio veliku pobjedu Sevilli i onima u gradu koji navijaju za &#8220;bijelo-crvene&#8221;. Ivan [&hellip;]
