{"version":"1.0","provider_name":"  RADIO LJUBU\u0160KI","provider_url":"https:\/\/radioljubuski.ba","title":"Dodik prijeti i nakon sastanka s Erdoganom - RADIO LJUBU\u0160KI","type":"rich","width":600,"height":338,"html":"<blockquote class=\"wp-embedded-content\" data-secret=\"a26NEYMPKi\"><a href=\"https:\/\/radioljubuski.ba\/index.php\/2021\/11\/10\/dodik-prijeti-i-nakon-sastanka-s-erdoganom\/\">Dodik prijeti i nakon sastanka s Erdoganom<\/a><\/blockquote><iframe sandbox=\"allow-scripts\" security=\"restricted\" src=\"https:\/\/radioljubuski.ba\/index.php\/2021\/11\/10\/dodik-prijeti-i-nakon-sastanka-s-erdoganom\/embed\/#?secret=a26NEYMPKi\" width=\"600\" height=\"338\" title=\"&#8220;Dodik prijeti i nakon sastanka s Erdoganom&#8221; &#8212;   RADIO LJUBU\u0160KI\" data-secret=\"a26NEYMPKi\" frameborder=\"0\" marginwidth=\"0\" marginheight=\"0\" scrolling=\"no\" class=\"wp-embedded-content\"><\/iframe><script>\n\/*! This file is auto-generated *\/\n!function(d,l){\"use strict\";l.querySelector&&d.addEventListener&&\"undefined\"!=typeof URL&&(d.wp=d.wp||{},d.wp.receiveEmbedMessage||(d.wp.receiveEmbedMessage=function(e){var t=e.data;if((t||t.secret||t.message||t.value)&&!\/[^a-zA-Z0-9]\/.test(t.secret)){for(var s,r,n,a=l.querySelectorAll('iframe[data-secret=\"'+t.secret+'\"]'),o=l.querySelectorAll('blockquote[data-secret=\"'+t.secret+'\"]'),c=new RegExp(\"^https?:$\",\"i\"),i=0;i<o.length;i++)o[i].style.display=\"none\";for(i=0;i<a.length;i++)s=a[i],e.source===s.contentWindow&&(s.removeAttribute(\"style\"),\"height\"===t.message?(1e3<(r=parseInt(t.value,10))?r=1e3:~~r<200&&(r=200),s.height=r):\"link\"===t.message&&(r=new URL(s.getAttribute(\"src\")),n=new URL(t.value),c.test(n.protocol))&&n.host===r.host&&l.activeElement===s&&(d.top.location.href=t.value))}},d.addEventListener(\"message\",d.wp.receiveEmbedMessage,!1),l.addEventListener(\"DOMContentLoaded\",function(){for(var e,t,s=l.querySelectorAll(\"iframe.wp-embedded-content\"),r=0;r<s.length;r++)(t=(e=s[r]).getAttribute(\"data-secret\"))||(t=Math.random().toString(36).substring(2,12),e.src+=\"#?secret=\"+t,e.setAttribute(\"data-secret\",t)),e.contentWindow.postMessage({message:\"ready\",secret:t},\"*\")},!1)))}(window,document);\n\/\/# sourceURL=https:\/\/radioljubuski.ba\/wp-includes\/js\/wp-embed.min.js\n<\/script>\n","thumbnail_url":"https:\/\/radioljubuski.ba\/wp-content\/uploads\/2021\/08\/dodik-ured1.jpg","thumbnail_width":658,"thumbnail_height":494,"description":"\u010clan Predsjedni\u0161tva BiH Milorad Dodik kazao je da se ne boji mogu\u0107ih sankcija Sjedinjenih Dr\u017eava te je najavio da \u0107e nastaviti provoditi plan kojim bi Republiku Srpsku de facto izdvojio iz ustavno-pravnog poretka Bosne i Hercegovine. Dodik je to rekao danas nakon sastanka u Ankari s predsjednikom Turske Recepom Tayyipom Erdoganom tuma\u010de\u0107i da su se [&hellip;]"}

RADIO LJUBUŠKI

Dodik prijeti i nakon sastanka s Erdoganom - RADIO LJUBUŠKI

<blockquote class="wp-embedded-content" data-secret="a26NEYMPKi"><a href="https://radioljubuski.ba/index.php/2021/11/10/dodik-prijeti-i-nakon-sastanka-s-erdoganom/">Dodik prijeti i nakon sastanka s Erdoganom</a></blockquote><iframe sandbox="allow-scripts" security="restricted" src="https://radioljubuski.ba/index.php/2021/11/10/dodik-prijeti-i-nakon-sastanka-s-erdoganom/embed/#?secret=a26NEYMPKi" width="600" height="338" title="&#8220;Dodik prijeti i nakon sastanka s Erdoganom&#8221; &#8212;   RADIO LJUBUŠKI" data-secret="a26NEYMPKi" frameborder="0" marginwidth="0" marginheight="0" scrolling="no" class="wp-embedded-content"></iframe><script>
/*! This file is auto-generated */
!function(d,l){"use strict";l.querySelector&&d.addEventListener&&"undefined"!=typeof URL&&(d.wp=d.wp||{},d.wp.receiveEmbedMessage||(d.wp.receiveEmbedMessage=function(e){var t=e.data;if((t||t.secret||t.message||t.value)&&!/[^a-zA-Z0-9]/.test(t.secret)){for(var s,r,n,a=l.querySelectorAll('iframe[data-secret="'+t.secret+'"]'),o=l.querySelectorAll('blockquote[data-secret="'+t.secret+'"]'),c=new RegExp("^https?:$","i"),i=0;i<o.length;i++)o[i].style.display="none";for(i=0;i<a.length;i++)s=a[i],e.source===s.contentWindow&&(s.removeAttribute("style"),"height"===t.message?(1e3<(r=parseInt(t.value,10))?r=1e3:~~r<200&&(r=200),s.height=r):"link"===t.message&&(r=new URL(s.getAttribute("src")),n=new URL(t.value),c.test(n.protocol))&&n.host===r.host&&l.activeElement===s&&(d.top.location.href=t.value))}},d.addEventListener("message",d.wp.receiveEmbedMessage,!1),l.addEventListener("DOMContentLoaded",function(){for(var e,t,s=l.querySelectorAll("iframe.wp-embedded-content"),r=0;r<s.length;r++)(t=(e=s[r]).getAttribute("data-secret"))||(t=Math.random().toString(36).substring(2,12),e.src+="#?secret="+t,e.setAttribute("data-secret",t)),e.contentWindow.postMessage({message:"ready",secret:t},"*")},!1)))}(window,document);
//# sourceURL=https://radioljubuski.ba/wp-includes/js/wp-embed.min.js
</script>

Član Predsjedništva BiH Milorad Dodik kazao je da se ne boji mogućih sankcija Sjedinjenih Država te je najavio da će nastaviti provoditi plan kojim bi Republiku Srpsku de facto izdvojio iz ustavno-pravnog poretka Bosne i Hercegovine. Dodik je to rekao danas nakon sastanka u Ankari s predsjednikom Turske Recepom Tayyipom Erdoganom tumačeći da su se [&hellip;]
