{"version":"1.0","provider_name":"  RADIO LJUBU\u0160KI","provider_url":"https:\/\/radioljubuski.ba","title":"Neymar \"out\" do kraja godine - RADIO LJUBU\u0160KI","type":"rich","width":600,"height":338,"html":"<blockquote class=\"wp-embedded-content\" data-secret=\"mtBxZUvSH4\"><a href=\"https:\/\/radioljubuski.ba\/index.php\/2021\/11\/29\/neymar-out-do-kraja-godine\/\">Neymar &#8220;out&#8221; do kraja godine<\/a><\/blockquote><iframe sandbox=\"allow-scripts\" security=\"restricted\" src=\"https:\/\/radioljubuski.ba\/index.php\/2021\/11\/29\/neymar-out-do-kraja-godine\/embed\/#?secret=mtBxZUvSH4\" width=\"600\" height=\"338\" title=\"&#8220;Neymar &#8220;out&#8221; do kraja godine&#8221; &#8212;   RADIO LJUBU\u0160KI\" data-secret=\"mtBxZUvSH4\" frameborder=\"0\" marginwidth=\"0\" marginheight=\"0\" scrolling=\"no\" class=\"wp-embedded-content\"><\/iframe><script>\n\/*! This file is auto-generated *\/\n!function(d,l){\"use strict\";l.querySelector&&d.addEventListener&&\"undefined\"!=typeof URL&&(d.wp=d.wp||{},d.wp.receiveEmbedMessage||(d.wp.receiveEmbedMessage=function(e){var t=e.data;if((t||t.secret||t.message||t.value)&&!\/[^a-zA-Z0-9]\/.test(t.secret)){for(var s,r,n,a=l.querySelectorAll('iframe[data-secret=\"'+t.secret+'\"]'),o=l.querySelectorAll('blockquote[data-secret=\"'+t.secret+'\"]'),c=new RegExp(\"^https?:$\",\"i\"),i=0;i<o.length;i++)o[i].style.display=\"none\";for(i=0;i<a.length;i++)s=a[i],e.source===s.contentWindow&&(s.removeAttribute(\"style\"),\"height\"===t.message?(1e3<(r=parseInt(t.value,10))?r=1e3:~~r<200&&(r=200),s.height=r):\"link\"===t.message&&(r=new URL(s.getAttribute(\"src\")),n=new URL(t.value),c.test(n.protocol))&&n.host===r.host&&l.activeElement===s&&(d.top.location.href=t.value))}},d.addEventListener(\"message\",d.wp.receiveEmbedMessage,!1),l.addEventListener(\"DOMContentLoaded\",function(){for(var e,t,s=l.querySelectorAll(\"iframe.wp-embedded-content\"),r=0;r<s.length;r++)(t=(e=s[r]).getAttribute(\"data-secret\"))||(t=Math.random().toString(36).substring(2,12),e.src+=\"#?secret=\"+t,e.setAttribute(\"data-secret\",t)),e.contentWindow.postMessage({message:\"ready\",secret:t},\"*\")},!1)))}(window,document);\n\/\/# sourceURL=https:\/\/radioljubuski.ba\/wp-includes\/js\/wp-embed.min.js\n<\/script>\n","description":"Napada\u010d PSG-a&nbsp;Neymar&nbsp;bit \u0107e odsutan oko \u0161est tjedana zbog ozljede koju je ju\u010der zadobio u ogledu protiv St Etiennea, navodi RMC. Napada\u010d je zadobio te\u017eak udarac u gle\u017eanj lijeve noge zbog \u010dega je morao napustiti teren na nosilima. Brazilac, koji se tek po\u010deo uigravati s&nbsp;Messijem&nbsp;i&nbsp;Mbapp\u00e9om&nbsp;i jedan je od najva\u017enijih igra\u010da za&nbsp;Mauricija&nbsp;Pochettina, izostat \u0107e do 2022. godine, [&hellip;]","thumbnail_url":"https:\/\/radioljubuski.ba\/wp-content\/uploads\/2021\/11\/2021-11-28t135637z-1574303533-up1ehbs12qbe5-rtrmadp-3-soccer-france-ste-psg-report-20211128153545.jpg","thumbnail_width":1961,"thumbnail_height":1226}

RADIO LJUBUŠKI

Neymar "out" do kraja godine - RADIO LJUBUŠKI

<blockquote class="wp-embedded-content" data-secret="mtBxZUvSH4"><a href="https://radioljubuski.ba/index.php/2021/11/29/neymar-out-do-kraja-godine/">Neymar &#8220;out&#8221; do kraja godine</a></blockquote><iframe sandbox="allow-scripts" security="restricted" src="https://radioljubuski.ba/index.php/2021/11/29/neymar-out-do-kraja-godine/embed/#?secret=mtBxZUvSH4" width="600" height="338" title="&#8220;Neymar &#8220;out&#8221; do kraja godine&#8221; &#8212;   RADIO LJUBUŠKI" data-secret="mtBxZUvSH4" frameborder="0" marginwidth="0" marginheight="0" scrolling="no" class="wp-embedded-content"></iframe><script>
/*! This file is auto-generated */
!function(d,l){"use strict";l.querySelector&&d.addEventListener&&"undefined"!=typeof URL&&(d.wp=d.wp||{},d.wp.receiveEmbedMessage||(d.wp.receiveEmbedMessage=function(e){var t=e.data;if((t||t.secret||t.message||t.value)&&!/[^a-zA-Z0-9]/.test(t.secret)){for(var s,r,n,a=l.querySelectorAll('iframe[data-secret="'+t.secret+'"]'),o=l.querySelectorAll('blockquote[data-secret="'+t.secret+'"]'),c=new RegExp("^https?:$","i"),i=0;i<o.length;i++)o[i].style.display="none";for(i=0;i<a.length;i++)s=a[i],e.source===s.contentWindow&&(s.removeAttribute("style"),"height"===t.message?(1e3<(r=parseInt(t.value,10))?r=1e3:~~r<200&&(r=200),s.height=r):"link"===t.message&&(r=new URL(s.getAttribute("src")),n=new URL(t.value),c.test(n.protocol))&&n.host===r.host&&l.activeElement===s&&(d.top.location.href=t.value))}},d.addEventListener("message",d.wp.receiveEmbedMessage,!1),l.addEventListener("DOMContentLoaded",function(){for(var e,t,s=l.querySelectorAll("iframe.wp-embedded-content"),r=0;r<s.length;r++)(t=(e=s[r]).getAttribute("data-secret"))||(t=Math.random().toString(36).substring(2,12),e.src+="#?secret="+t,e.setAttribute("data-secret",t)),e.contentWindow.postMessage({message:"ready",secret:t},"*")},!1)))}(window,document);
//# sourceURL=https://radioljubuski.ba/wp-includes/js/wp-embed.min.js
</script>

Napadač PSG-a&nbsp;Neymar&nbsp;bit će odsutan oko šest tjedana zbog ozljede koju je jučer zadobio u ogledu protiv St Etiennea, navodi RMC. Napadač je zadobio težak udarac u gležanj lijeve noge zbog čega je morao napustiti teren na nosilima. Brazilac, koji se tek počeo uigravati s&nbsp;Messijem&nbsp;i&nbsp;Mbappéom&nbsp;i jedan je od najvažnijih igrača za&nbsp;Mauricija&nbsp;Pochettina, izostat će do 2022. godine, [&hellip;]
