{"version":"1.0","provider_name":"  RADIO LJUBU\u0160KI","provider_url":"https:\/\/radioljubuski.ba","title":"Kancelar Nehammer: Austrija \u0107e ostati neutralna - RADIO LJUBU\u0160KI","type":"rich","width":600,"height":338,"html":"<blockquote class=\"wp-embedded-content\" data-secret=\"Fm2srU8j1j\"><a href=\"https:\/\/radioljubuski.ba\/index.php\/2022\/03\/07\/kancelar-nehammer-austrija-ce-ostati-neutralna\/\">Kancelar Nehammer: Austrija \u0107e ostati neutralna<\/a><\/blockquote><iframe sandbox=\"allow-scripts\" security=\"restricted\" src=\"https:\/\/radioljubuski.ba\/index.php\/2022\/03\/07\/kancelar-nehammer-austrija-ce-ostati-neutralna\/embed\/#?secret=Fm2srU8j1j\" width=\"600\" height=\"338\" title=\"&#8220;Kancelar Nehammer: Austrija \u0107e ostati neutralna&#8221; &#8212;   RADIO LJUBU\u0160KI\" data-secret=\"Fm2srU8j1j\" frameborder=\"0\" marginwidth=\"0\" marginheight=\"0\" scrolling=\"no\" class=\"wp-embedded-content\"><\/iframe><script>\n\/*! This file is auto-generated *\/\n!function(d,l){\"use strict\";l.querySelector&&d.addEventListener&&\"undefined\"!=typeof URL&&(d.wp=d.wp||{},d.wp.receiveEmbedMessage||(d.wp.receiveEmbedMessage=function(e){var t=e.data;if((t||t.secret||t.message||t.value)&&!\/[^a-zA-Z0-9]\/.test(t.secret)){for(var s,r,n,a=l.querySelectorAll('iframe[data-secret=\"'+t.secret+'\"]'),o=l.querySelectorAll('blockquote[data-secret=\"'+t.secret+'\"]'),c=new RegExp(\"^https?:$\",\"i\"),i=0;i<o.length;i++)o[i].style.display=\"none\";for(i=0;i<a.length;i++)s=a[i],e.source===s.contentWindow&&(s.removeAttribute(\"style\"),\"height\"===t.message?(1e3<(r=parseInt(t.value,10))?r=1e3:~~r<200&&(r=200),s.height=r):\"link\"===t.message&&(r=new URL(s.getAttribute(\"src\")),n=new URL(t.value),c.test(n.protocol))&&n.host===r.host&&l.activeElement===s&&(d.top.location.href=t.value))}},d.addEventListener(\"message\",d.wp.receiveEmbedMessage,!1),l.addEventListener(\"DOMContentLoaded\",function(){for(var e,t,s=l.querySelectorAll(\"iframe.wp-embedded-content\"),r=0;r<s.length;r++)(t=(e=s[r]).getAttribute(\"data-secret\"))||(t=Math.random().toString(36).substring(2,12),e.src+=\"#?secret=\"+t,e.setAttribute(\"data-secret\",t)),e.contentWindow.postMessage({message:\"ready\",secret:t},\"*\")},!1)))}(window,document);\n\/\/# sourceURL=https:\/\/radioljubuski.ba\/wp-includes\/js\/wp-embed.min.js\n<\/script>\n","thumbnail_url":"https:\/\/radioljubuski.ba\/wp-content\/uploads\/2022\/03\/8-2022-03-07-16-13-47-Karl-Nehammer.jpg","thumbnail_width":1000,"thumbnail_height":625,"description":"Austrijski kancelar Karl Nehammer izjavio je u ponedjeljak da se namjerava zauzeti za to da njegova zemlja ostane neutralna u svjetlu rata i ruskog napada na Ukrajinu. &#8220;Austrija je bila neutralna, jest neutralna, a takva \u0107e i ostati&#8221;, kazao je Nehammer novinarima tijekom posjeta Kataru. Neutralnost je va\u017ena, istaknuo je austrijski kancelar, dodav\u0161i da pitanje [&hellip;]"}

RADIO LJUBUŠKI

Kancelar Nehammer: Austrija će ostati neutralna - RADIO LJUBUŠKI

<blockquote class="wp-embedded-content" data-secret="Fm2srU8j1j"><a href="https://radioljubuski.ba/index.php/2022/03/07/kancelar-nehammer-austrija-ce-ostati-neutralna/">Kancelar Nehammer: Austrija će ostati neutralna</a></blockquote><iframe sandbox="allow-scripts" security="restricted" src="https://radioljubuski.ba/index.php/2022/03/07/kancelar-nehammer-austrija-ce-ostati-neutralna/embed/#?secret=Fm2srU8j1j" width="600" height="338" title="&#8220;Kancelar Nehammer: Austrija će ostati neutralna&#8221; &#8212;   RADIO LJUBUŠKI" data-secret="Fm2srU8j1j" frameborder="0" marginwidth="0" marginheight="0" scrolling="no" class="wp-embedded-content"></iframe><script>
/*! This file is auto-generated */
!function(d,l){"use strict";l.querySelector&&d.addEventListener&&"undefined"!=typeof URL&&(d.wp=d.wp||{},d.wp.receiveEmbedMessage||(d.wp.receiveEmbedMessage=function(e){var t=e.data;if((t||t.secret||t.message||t.value)&&!/[^a-zA-Z0-9]/.test(t.secret)){for(var s,r,n,a=l.querySelectorAll('iframe[data-secret="'+t.secret+'"]'),o=l.querySelectorAll('blockquote[data-secret="'+t.secret+'"]'),c=new RegExp("^https?:$","i"),i=0;i<o.length;i++)o[i].style.display="none";for(i=0;i<a.length;i++)s=a[i],e.source===s.contentWindow&&(s.removeAttribute("style"),"height"===t.message?(1e3<(r=parseInt(t.value,10))?r=1e3:~~r<200&&(r=200),s.height=r):"link"===t.message&&(r=new URL(s.getAttribute("src")),n=new URL(t.value),c.test(n.protocol))&&n.host===r.host&&l.activeElement===s&&(d.top.location.href=t.value))}},d.addEventListener("message",d.wp.receiveEmbedMessage,!1),l.addEventListener("DOMContentLoaded",function(){for(var e,t,s=l.querySelectorAll("iframe.wp-embedded-content"),r=0;r<s.length;r++)(t=(e=s[r]).getAttribute("data-secret"))||(t=Math.random().toString(36).substring(2,12),e.src+="#?secret="+t,e.setAttribute("data-secret",t)),e.contentWindow.postMessage({message:"ready",secret:t},"*")},!1)))}(window,document);
//# sourceURL=https://radioljubuski.ba/wp-includes/js/wp-embed.min.js
</script>

Austrijski kancelar Karl Nehammer izjavio je u ponedjeljak da se namjerava zauzeti za to da njegova zemlja ostane neutralna u svjetlu rata i ruskog napada na Ukrajinu. &#8220;Austrija je bila neutralna, jest neutralna, a takva će i ostati&#8221;, kazao je Nehammer novinarima tijekom posjeta Kataru. Neutralnost je važna, istaknuo je austrijski kancelar, dodavši da pitanje [&hellip;]
