{"version":"1.0","provider_name":"  RADIO LJUBU\u0160KI","provider_url":"https:\/\/radioljubuski.ba","title":"Crna Gora ukida covid potvrde - RADIO LJUBU\u0160KI","type":"rich","width":600,"height":338,"html":"<blockquote class=\"wp-embedded-content\" data-secret=\"nobrmmXAKJ\"><a href=\"https:\/\/radioljubuski.ba\/index.php\/2022\/03\/11\/crna-gora-ukida-covid-potvrde\/\">Crna Gora ukida covid potvrde<\/a><\/blockquote><iframe sandbox=\"allow-scripts\" security=\"restricted\" src=\"https:\/\/radioljubuski.ba\/index.php\/2022\/03\/11\/crna-gora-ukida-covid-potvrde\/embed\/#?secret=nobrmmXAKJ\" width=\"600\" height=\"338\" title=\"&#8220;Crna Gora ukida covid potvrde&#8221; &#8212;   RADIO LJUBU\u0160KI\" data-secret=\"nobrmmXAKJ\" frameborder=\"0\" marginwidth=\"0\" marginheight=\"0\" scrolling=\"no\" class=\"wp-embedded-content\"><\/iframe><script>\n\/*! This file is auto-generated *\/\n!function(d,l){\"use strict\";l.querySelector&&d.addEventListener&&\"undefined\"!=typeof URL&&(d.wp=d.wp||{},d.wp.receiveEmbedMessage||(d.wp.receiveEmbedMessage=function(e){var t=e.data;if((t||t.secret||t.message||t.value)&&!\/[^a-zA-Z0-9]\/.test(t.secret)){for(var s,r,n,a=l.querySelectorAll('iframe[data-secret=\"'+t.secret+'\"]'),o=l.querySelectorAll('blockquote[data-secret=\"'+t.secret+'\"]'),c=new RegExp(\"^https?:$\",\"i\"),i=0;i<o.length;i++)o[i].style.display=\"none\";for(i=0;i<a.length;i++)s=a[i],e.source===s.contentWindow&&(s.removeAttribute(\"style\"),\"height\"===t.message?(1e3<(r=parseInt(t.value,10))?r=1e3:~~r<200&&(r=200),s.height=r):\"link\"===t.message&&(r=new URL(s.getAttribute(\"src\")),n=new URL(t.value),c.test(n.protocol))&&n.host===r.host&&l.activeElement===s&&(d.top.location.href=t.value))}},d.addEventListener(\"message\",d.wp.receiveEmbedMessage,!1),l.addEventListener(\"DOMContentLoaded\",function(){for(var e,t,s=l.querySelectorAll(\"iframe.wp-embedded-content\"),r=0;r<s.length;r++)(t=(e=s[r]).getAttribute(\"data-secret\"))||(t=Math.random().toString(36).substring(2,12),e.src+=\"#?secret=\"+t,e.setAttribute(\"data-secret\",t)),e.contentWindow.postMessage({message:\"ready\",secret:t},\"*\")},!1)))}(window,document);\n\/\/# sourceURL=https:\/\/radioljubuski.ba\/wp-includes\/js\/wp-embed.min.js\n<\/script>\n","thumbnail_url":"https:\/\/radioljubuski.ba\/wp-content\/uploads\/2021\/04\/crna-gora.jpg","thumbnail_width":800,"thumbnail_height":550,"description":"Kako je epidemiolo\u0161ka situacija sve povoljnija, Vlada Crne Gore je odlu\u010dila da od 11. o\u017eujka do 25. o\u017eujka dodatno ubla\u017ei epidemiolo\u0161ke mjere, rekao je direktor Instituta za javno zdravlje (IJZCG) Igor Gali\u0107. Broj novooboljelih u posljednja dva tjedna u toj zemlji manji je za oko 61 posto u odnosu na prethodna dva tjedna, a preminulih [&hellip;]"}

RADIO LJUBUŠKI

Crna Gora ukida covid potvrde - RADIO LJUBUŠKI

<blockquote class="wp-embedded-content" data-secret="nobrmmXAKJ"><a href="https://radioljubuski.ba/index.php/2022/03/11/crna-gora-ukida-covid-potvrde/">Crna Gora ukida covid potvrde</a></blockquote><iframe sandbox="allow-scripts" security="restricted" src="https://radioljubuski.ba/index.php/2022/03/11/crna-gora-ukida-covid-potvrde/embed/#?secret=nobrmmXAKJ" width="600" height="338" title="&#8220;Crna Gora ukida covid potvrde&#8221; &#8212;   RADIO LJUBUŠKI" data-secret="nobrmmXAKJ" frameborder="0" marginwidth="0" marginheight="0" scrolling="no" class="wp-embedded-content"></iframe><script>
/*! This file is auto-generated */
!function(d,l){"use strict";l.querySelector&&d.addEventListener&&"undefined"!=typeof URL&&(d.wp=d.wp||{},d.wp.receiveEmbedMessage||(d.wp.receiveEmbedMessage=function(e){var t=e.data;if((t||t.secret||t.message||t.value)&&!/[^a-zA-Z0-9]/.test(t.secret)){for(var s,r,n,a=l.querySelectorAll('iframe[data-secret="'+t.secret+'"]'),o=l.querySelectorAll('blockquote[data-secret="'+t.secret+'"]'),c=new RegExp("^https?:$","i"),i=0;i<o.length;i++)o[i].style.display="none";for(i=0;i<a.length;i++)s=a[i],e.source===s.contentWindow&&(s.removeAttribute("style"),"height"===t.message?(1e3<(r=parseInt(t.value,10))?r=1e3:~~r<200&&(r=200),s.height=r):"link"===t.message&&(r=new URL(s.getAttribute("src")),n=new URL(t.value),c.test(n.protocol))&&n.host===r.host&&l.activeElement===s&&(d.top.location.href=t.value))}},d.addEventListener("message",d.wp.receiveEmbedMessage,!1),l.addEventListener("DOMContentLoaded",function(){for(var e,t,s=l.querySelectorAll("iframe.wp-embedded-content"),r=0;r<s.length;r++)(t=(e=s[r]).getAttribute("data-secret"))||(t=Math.random().toString(36).substring(2,12),e.src+="#?secret="+t,e.setAttribute("data-secret",t)),e.contentWindow.postMessage({message:"ready",secret:t},"*")},!1)))}(window,document);
//# sourceURL=https://radioljubuski.ba/wp-includes/js/wp-embed.min.js
</script>

Kako je epidemiološka situacija sve povoljnija, Vlada Crne Gore je odlučila da od 11. ožujka do 25. ožujka dodatno ublaži epidemiološke mjere, rekao je direktor Instituta za javno zdravlje (IJZCG) Igor Galić. Broj novooboljelih u posljednja dva tjedna u toj zemlji manji je za oko 61 posto u odnosu na prethodna dva tjedna, a preminulih [&hellip;]
