{"version":"1.0","provider_name":"  RADIO LJUBU\u0160KI","provider_url":"https:\/\/radioljubuski.ba","title":"Ukrajina i Moldavija dobile status kandidata za EU - RADIO LJUBU\u0160KI","type":"rich","width":600,"height":338,"html":"<blockquote class=\"wp-embedded-content\" data-secret=\"NenQDaNWj3\"><a href=\"https:\/\/radioljubuski.ba\/index.php\/2022\/06\/24\/ukrajina-i-moldavija-dobile-status-kandidata-za-eu\/\">Ukrajina i Moldavija dobile status kandidata za EU<\/a><\/blockquote><iframe sandbox=\"allow-scripts\" security=\"restricted\" src=\"https:\/\/radioljubuski.ba\/index.php\/2022\/06\/24\/ukrajina-i-moldavija-dobile-status-kandidata-za-eu\/embed\/#?secret=NenQDaNWj3\" width=\"600\" height=\"338\" title=\"&#8220;Ukrajina i Moldavija dobile status kandidata za EU&#8221; &#8212;   RADIO LJUBU\u0160KI\" data-secret=\"NenQDaNWj3\" frameborder=\"0\" marginwidth=\"0\" marginheight=\"0\" scrolling=\"no\" class=\"wp-embedded-content\"><\/iframe><script>\n\/*! This file is auto-generated *\/\n!function(d,l){\"use strict\";l.querySelector&&d.addEventListener&&\"undefined\"!=typeof URL&&(d.wp=d.wp||{},d.wp.receiveEmbedMessage||(d.wp.receiveEmbedMessage=function(e){var t=e.data;if((t||t.secret||t.message||t.value)&&!\/[^a-zA-Z0-9]\/.test(t.secret)){for(var s,r,n,a=l.querySelectorAll('iframe[data-secret=\"'+t.secret+'\"]'),o=l.querySelectorAll('blockquote[data-secret=\"'+t.secret+'\"]'),c=new RegExp(\"^https?:$\",\"i\"),i=0;i<o.length;i++)o[i].style.display=\"none\";for(i=0;i<a.length;i++)s=a[i],e.source===s.contentWindow&&(s.removeAttribute(\"style\"),\"height\"===t.message?(1e3<(r=parseInt(t.value,10))?r=1e3:~~r<200&&(r=200),s.height=r):\"link\"===t.message&&(r=new URL(s.getAttribute(\"src\")),n=new URL(t.value),c.test(n.protocol))&&n.host===r.host&&l.activeElement===s&&(d.top.location.href=t.value))}},d.addEventListener(\"message\",d.wp.receiveEmbedMessage,!1),l.addEventListener(\"DOMContentLoaded\",function(){for(var e,t,s=l.querySelectorAll(\"iframe.wp-embedded-content\"),r=0;r<s.length;r++)(t=(e=s[r]).getAttribute(\"data-secret\"))||(t=Math.random().toString(36).substring(2,12),e.src+=\"#?secret=\"+t,e.setAttribute(\"data-secret\",t)),e.contentWindow.postMessage({message:\"ready\",secret:t},\"*\")},!1)))}(window,document);\n\/\/# sourceURL=https:\/\/radioljubuski.ba\/wp-includes\/js\/wp-embed.min.js\n<\/script>\n","thumbnail_url":"https:\/\/radioljubuski.ba\/wp-content\/uploads\/2022\/06\/10-2022-06-23-21-00-40-Snimka-zaslona-2022-06-23-205921.jpg","thumbnail_width":1000,"thumbnail_height":625,"description":"\u0160efovi dr\u017eava i vlada Europskog vije\u0107a postigli su ju\u010der dogovor o zaklju\u010dcima samita kojima se Ukrajini i Moldaviji dodjeljuje slu\u017ebeni status dr\u017eave kandidata.\u00a0 Europsko vije\u0107e odlu\u010dilo je dodijeliti Ukrajini i Moldaviji status kandidata za EU. Ovo je povijesni trenutak, objavio je na tviteru predsjednik Europskog vije\u0107a&nbsp;Charles Michel.&nbsp; &#8220;Dana\u0161nji dan ozna\u010dava klju\u010dni korak na va\u0161em putu [&hellip;]"}

RADIO LJUBUŠKI

Ukrajina i Moldavija dobile status kandidata za EU - RADIO LJUBUŠKI

<blockquote class="wp-embedded-content" data-secret="NenQDaNWj3"><a href="https://radioljubuski.ba/index.php/2022/06/24/ukrajina-i-moldavija-dobile-status-kandidata-za-eu/">Ukrajina i Moldavija dobile status kandidata za EU</a></blockquote><iframe sandbox="allow-scripts" security="restricted" src="https://radioljubuski.ba/index.php/2022/06/24/ukrajina-i-moldavija-dobile-status-kandidata-za-eu/embed/#?secret=NenQDaNWj3" width="600" height="338" title="&#8220;Ukrajina i Moldavija dobile status kandidata za EU&#8221; &#8212;   RADIO LJUBUŠKI" data-secret="NenQDaNWj3" frameborder="0" marginwidth="0" marginheight="0" scrolling="no" class="wp-embedded-content"></iframe><script>
/*! This file is auto-generated */
!function(d,l){"use strict";l.querySelector&&d.addEventListener&&"undefined"!=typeof URL&&(d.wp=d.wp||{},d.wp.receiveEmbedMessage||(d.wp.receiveEmbedMessage=function(e){var t=e.data;if((t||t.secret||t.message||t.value)&&!/[^a-zA-Z0-9]/.test(t.secret)){for(var s,r,n,a=l.querySelectorAll('iframe[data-secret="'+t.secret+'"]'),o=l.querySelectorAll('blockquote[data-secret="'+t.secret+'"]'),c=new RegExp("^https?:$","i"),i=0;i<o.length;i++)o[i].style.display="none";for(i=0;i<a.length;i++)s=a[i],e.source===s.contentWindow&&(s.removeAttribute("style"),"height"===t.message?(1e3<(r=parseInt(t.value,10))?r=1e3:~~r<200&&(r=200),s.height=r):"link"===t.message&&(r=new URL(s.getAttribute("src")),n=new URL(t.value),c.test(n.protocol))&&n.host===r.host&&l.activeElement===s&&(d.top.location.href=t.value))}},d.addEventListener("message",d.wp.receiveEmbedMessage,!1),l.addEventListener("DOMContentLoaded",function(){for(var e,t,s=l.querySelectorAll("iframe.wp-embedded-content"),r=0;r<s.length;r++)(t=(e=s[r]).getAttribute("data-secret"))||(t=Math.random().toString(36).substring(2,12),e.src+="#?secret="+t,e.setAttribute("data-secret",t)),e.contentWindow.postMessage({message:"ready",secret:t},"*")},!1)))}(window,document);
//# sourceURL=https://radioljubuski.ba/wp-includes/js/wp-embed.min.js
</script>

Šefovi država i vlada Europskog vijeća postigli su jučer dogovor o zaključcima samita kojima se Ukrajini i Moldaviji dodjeljuje službeni status države kandidata.  Europsko vijeće odlučilo je dodijeliti Ukrajini i Moldaviji status kandidata za EU. Ovo je povijesni trenutak, objavio je na tviteru predsjednik Europskog vijeća&nbsp;Charles Michel.&nbsp; &#8220;Današnji dan označava ključni korak na vašem putu [&hellip;]
