{"version":"1.0","provider_name":"  RADIO LJUBU\u0160KI","provider_url":"https:\/\/radioljubuski.ba","title":"Pelje\u0161ki most otvara se krajem srpnja - RADIO LJUBU\u0160KI","type":"rich","width":600,"height":338,"html":"<blockquote class=\"wp-embedded-content\" data-secret=\"A3KYMh8z3U\"><a href=\"https:\/\/radioljubuski.ba\/index.php\/2022\/07\/04\/peljeski-most-otvara-se-krajem-srpnja\/\">Pelje\u0161ki most otvara se krajem srpnja<\/a><\/blockquote><iframe sandbox=\"allow-scripts\" security=\"restricted\" src=\"https:\/\/radioljubuski.ba\/index.php\/2022\/07\/04\/peljeski-most-otvara-se-krajem-srpnja\/embed\/#?secret=A3KYMh8z3U\" width=\"600\" height=\"338\" title=\"&#8220;Pelje\u0161ki most otvara se krajem srpnja&#8221; &#8212;   RADIO LJUBU\u0160KI\" data-secret=\"A3KYMh8z3U\" frameborder=\"0\" marginwidth=\"0\" marginheight=\"0\" scrolling=\"no\" class=\"wp-embedded-content\"><\/iframe><script>\n\/*! This file is auto-generated *\/\n!function(d,l){\"use strict\";l.querySelector&&d.addEventListener&&\"undefined\"!=typeof URL&&(d.wp=d.wp||{},d.wp.receiveEmbedMessage||(d.wp.receiveEmbedMessage=function(e){var t=e.data;if((t||t.secret||t.message||t.value)&&!\/[^a-zA-Z0-9]\/.test(t.secret)){for(var s,r,n,a=l.querySelectorAll('iframe[data-secret=\"'+t.secret+'\"]'),o=l.querySelectorAll('blockquote[data-secret=\"'+t.secret+'\"]'),c=new RegExp(\"^https?:$\",\"i\"),i=0;i<o.length;i++)o[i].style.display=\"none\";for(i=0;i<a.length;i++)s=a[i],e.source===s.contentWindow&&(s.removeAttribute(\"style\"),\"height\"===t.message?(1e3<(r=parseInt(t.value,10))?r=1e3:~~r<200&&(r=200),s.height=r):\"link\"===t.message&&(r=new URL(s.getAttribute(\"src\")),n=new URL(t.value),c.test(n.protocol))&&n.host===r.host&&l.activeElement===s&&(d.top.location.href=t.value))}},d.addEventListener(\"message\",d.wp.receiveEmbedMessage,!1),l.addEventListener(\"DOMContentLoaded\",function(){for(var e,t,s=l.querySelectorAll(\"iframe.wp-embedded-content\"),r=0;r<s.length;r++)(t=(e=s[r]).getAttribute(\"data-secret\"))||(t=Math.random().toString(36).substring(2,12),e.src+=\"#?secret=\"+t,e.setAttribute(\"data-secret\",t)),e.contentWindow.postMessage({message:\"ready\",secret:t},\"*\")},!1)))}(window,document);\n\/\/# sourceURL=https:\/\/radioljubuski.ba\/wp-includes\/js\/wp-embed.min.js\n<\/script>\n","thumbnail_url":"https:\/\/radioljubuski.ba\/wp-content\/uploads\/2022\/07\/f08e8d064c92127418b6aac335d6b3fe_L.jpg","thumbnail_width":1024,"thumbnail_height":682,"description":"Na pelje\u0161kom mostu i pristupnim cestama sve ide po planu te se njegovo otvaranje s dijelom pristupnih cesta o\u010dekuje 26. srpnja, rekao je u petak ministar prometa Oleg Butkovi\u0107. Sve ide dobro, po planu i programu, rekao je Butkovi\u0107 i dodao da vru\u0107ine dodu\u0161e ote\u017eavaju poslove, ali 18. srpnja trebala bi biti izdana uporabna dozvola [&hellip;]"}

RADIO LJUBUŠKI

Pelješki most otvara se krajem srpnja - RADIO LJUBUŠKI

<blockquote class="wp-embedded-content" data-secret="A3KYMh8z3U"><a href="https://radioljubuski.ba/index.php/2022/07/04/peljeski-most-otvara-se-krajem-srpnja/">Pelješki most otvara se krajem srpnja</a></blockquote><iframe sandbox="allow-scripts" security="restricted" src="https://radioljubuski.ba/index.php/2022/07/04/peljeski-most-otvara-se-krajem-srpnja/embed/#?secret=A3KYMh8z3U" width="600" height="338" title="&#8220;Pelješki most otvara se krajem srpnja&#8221; &#8212;   RADIO LJUBUŠKI" data-secret="A3KYMh8z3U" frameborder="0" marginwidth="0" marginheight="0" scrolling="no" class="wp-embedded-content"></iframe><script>
/*! This file is auto-generated */
!function(d,l){"use strict";l.querySelector&&d.addEventListener&&"undefined"!=typeof URL&&(d.wp=d.wp||{},d.wp.receiveEmbedMessage||(d.wp.receiveEmbedMessage=function(e){var t=e.data;if((t||t.secret||t.message||t.value)&&!/[^a-zA-Z0-9]/.test(t.secret)){for(var s,r,n,a=l.querySelectorAll('iframe[data-secret="'+t.secret+'"]'),o=l.querySelectorAll('blockquote[data-secret="'+t.secret+'"]'),c=new RegExp("^https?:$","i"),i=0;i<o.length;i++)o[i].style.display="none";for(i=0;i<a.length;i++)s=a[i],e.source===s.contentWindow&&(s.removeAttribute("style"),"height"===t.message?(1e3<(r=parseInt(t.value,10))?r=1e3:~~r<200&&(r=200),s.height=r):"link"===t.message&&(r=new URL(s.getAttribute("src")),n=new URL(t.value),c.test(n.protocol))&&n.host===r.host&&l.activeElement===s&&(d.top.location.href=t.value))}},d.addEventListener("message",d.wp.receiveEmbedMessage,!1),l.addEventListener("DOMContentLoaded",function(){for(var e,t,s=l.querySelectorAll("iframe.wp-embedded-content"),r=0;r<s.length;r++)(t=(e=s[r]).getAttribute("data-secret"))||(t=Math.random().toString(36).substring(2,12),e.src+="#?secret="+t,e.setAttribute("data-secret",t)),e.contentWindow.postMessage({message:"ready",secret:t},"*")},!1)))}(window,document);
//# sourceURL=https://radioljubuski.ba/wp-includes/js/wp-embed.min.js
</script>

Na pelješkom mostu i pristupnim cestama sve ide po planu te se njegovo otvaranje s dijelom pristupnih cesta očekuje 26. srpnja, rekao je u petak ministar prometa Oleg Butković. Sve ide dobro, po planu i programu, rekao je Butković i dodao da vrućine doduše otežavaju poslove, ali 18. srpnja trebala bi biti izdana uporabna dozvola [&hellip;]
