{"version":"1.0","provider_name":"  RADIO LJUBU\u0160KI","provider_url":"https:\/\/radioljubuski.ba","title":"JP Parkovi: Vlaki\u0107 vozi od ponedjeljka 8.prosinca - RADIO LJUBU\u0160KI","type":"rich","width":600,"height":338,"html":"<blockquote class=\"wp-embedded-content\" data-secret=\"Q8hvaF5YKR\"><a href=\"https:\/\/radioljubuski.ba\/index.php\/2025\/12\/05\/jp-parkovi-vlakic-vozi-od-ponedjeljka-8-prosinca\/\">JP Parkovi: Vlaki\u0107 vozi od ponedjeljka 8.prosinca<\/a><\/blockquote><iframe sandbox=\"allow-scripts\" security=\"restricted\" src=\"https:\/\/radioljubuski.ba\/index.php\/2025\/12\/05\/jp-parkovi-vlakic-vozi-od-ponedjeljka-8-prosinca\/embed\/#?secret=Q8hvaF5YKR\" width=\"600\" height=\"338\" title=\"&#8220;JP Parkovi: Vlaki\u0107 vozi od ponedjeljka 8.prosinca&#8221; &#8212;   RADIO LJUBU\u0160KI\" data-secret=\"Q8hvaF5YKR\" frameborder=\"0\" marginwidth=\"0\" marginheight=\"0\" scrolling=\"no\" class=\"wp-embedded-content\"><\/iframe><script>\n\/*! This file is auto-generated *\/\n!function(d,l){\"use strict\";l.querySelector&&d.addEventListener&&\"undefined\"!=typeof URL&&(d.wp=d.wp||{},d.wp.receiveEmbedMessage||(d.wp.receiveEmbedMessage=function(e){var t=e.data;if((t||t.secret||t.message||t.value)&&!\/[^a-zA-Z0-9]\/.test(t.secret)){for(var s,r,n,a=l.querySelectorAll('iframe[data-secret=\"'+t.secret+'\"]'),o=l.querySelectorAll('blockquote[data-secret=\"'+t.secret+'\"]'),c=new RegExp(\"^https?:$\",\"i\"),i=0;i<o.length;i++)o[i].style.display=\"none\";for(i=0;i<a.length;i++)s=a[i],e.source===s.contentWindow&&(s.removeAttribute(\"style\"),\"height\"===t.message?(1e3<(r=parseInt(t.value,10))?r=1e3:~~r<200&&(r=200),s.height=r):\"link\"===t.message&&(r=new URL(s.getAttribute(\"src\")),n=new URL(t.value),c.test(n.protocol))&&n.host===r.host&&l.activeElement===s&&(d.top.location.href=t.value))}},d.addEventListener(\"message\",d.wp.receiveEmbedMessage,!1),l.addEventListener(\"DOMContentLoaded\",function(){for(var e,t,s=l.querySelectorAll(\"iframe.wp-embedded-content\"),r=0;r<s.length;r++)(t=(e=s[r]).getAttribute(\"data-secret\"))||(t=Math.random().toString(36).substring(2,12),e.src+=\"#?secret=\"+t,e.setAttribute(\"data-secret\",t)),e.contentWindow.postMessage({message:\"ready\",secret:t},\"*\")},!1)))}(window,document);\n\/\/# sourceURL=https:\/\/radioljubuski.ba\/wp-includes\/js\/wp-embed.min.js\n<\/script>\n","thumbnail_url":"https:\/\/radioljubuski.ba\/wp-content\/uploads\/2022\/12\/vlakic1-1536x1025-1.jpg","thumbnail_width":1536,"thumbnail_height":1025,"description":"\u201ePovodom predstoje\u0107ih bo\u017ei\u0107nih blagdana, u sklopu manifestacije \u201cAdvent u Ljubu\u0161kom\u201d pozivamo sugra\u0111ane svih uzrasta na besplatnu vo\u017enju \u201evlaki\u0107em\u201c koji \u0107e&nbsp; voziti u vremenskom periodu od 08. &#8211; 24.prosinca 2025. godine,te u vremenskom periodu od 27.-31.prosinca 2025.godine. Vo\u017enja se odvija radnim danom od 09:00 h do 15:00h,te vikendom od 10:00h do 16:00h. U navedenim terminima &nbsp;povremeno [&hellip;]"}

RADIO LJUBUŠKI

JP Parkovi: Vlakić vozi od ponedjeljka 8.prosinca - RADIO LJUBUŠKI

<blockquote class="wp-embedded-content" data-secret="Q8hvaF5YKR"><a href="https://radioljubuski.ba/index.php/2025/12/05/jp-parkovi-vlakic-vozi-od-ponedjeljka-8-prosinca/">JP Parkovi: Vlakić vozi od ponedjeljka 8.prosinca</a></blockquote><iframe sandbox="allow-scripts" security="restricted" src="https://radioljubuski.ba/index.php/2025/12/05/jp-parkovi-vlakic-vozi-od-ponedjeljka-8-prosinca/embed/#?secret=Q8hvaF5YKR" width="600" height="338" title="&#8220;JP Parkovi: Vlakić vozi od ponedjeljka 8.prosinca&#8221; &#8212;   RADIO LJUBUŠKI" data-secret="Q8hvaF5YKR" frameborder="0" marginwidth="0" marginheight="0" scrolling="no" class="wp-embedded-content"></iframe><script>
/*! This file is auto-generated */
!function(d,l){"use strict";l.querySelector&&d.addEventListener&&"undefined"!=typeof URL&&(d.wp=d.wp||{},d.wp.receiveEmbedMessage||(d.wp.receiveEmbedMessage=function(e){var t=e.data;if((t||t.secret||t.message||t.value)&&!/[^a-zA-Z0-9]/.test(t.secret)){for(var s,r,n,a=l.querySelectorAll('iframe[data-secret="'+t.secret+'"]'),o=l.querySelectorAll('blockquote[data-secret="'+t.secret+'"]'),c=new RegExp("^https?:$","i"),i=0;i<o.length;i++)o[i].style.display="none";for(i=0;i<a.length;i++)s=a[i],e.source===s.contentWindow&&(s.removeAttribute("style"),"height"===t.message?(1e3<(r=parseInt(t.value,10))?r=1e3:~~r<200&&(r=200),s.height=r):"link"===t.message&&(r=new URL(s.getAttribute("src")),n=new URL(t.value),c.test(n.protocol))&&n.host===r.host&&l.activeElement===s&&(d.top.location.href=t.value))}},d.addEventListener("message",d.wp.receiveEmbedMessage,!1),l.addEventListener("DOMContentLoaded",function(){for(var e,t,s=l.querySelectorAll("iframe.wp-embedded-content"),r=0;r<s.length;r++)(t=(e=s[r]).getAttribute("data-secret"))||(t=Math.random().toString(36).substring(2,12),e.src+="#?secret="+t,e.setAttribute("data-secret",t)),e.contentWindow.postMessage({message:"ready",secret:t},"*")},!1)))}(window,document);
//# sourceURL=https://radioljubuski.ba/wp-includes/js/wp-embed.min.js
</script>

„Povodom predstojećih božićnih blagdana, u sklopu manifestacije “Advent u Ljubuškom” pozivamo sugrađane svih uzrasta na besplatnu vožnju „vlakićem“ koji će&nbsp; voziti u vremenskom periodu od 08. &#8211; 24.prosinca 2025. godine,te u vremenskom periodu od 27.-31.prosinca 2025.godine. Vožnja se odvija radnim danom od 09:00 h do 15:00h,te vikendom od 10:00h do 16:00h. U navedenim terminima &nbsp;povremeno [&hellip;]
